 is divided by d(8)?
3
Suppose 5*s = -53 + 198. What is the remainder when s is divided by 6?
5
Suppose 9 + 59 = 4*i. Calculate the remainder when 66 is divided by i.
15
Let m be (-196)/(-10) + 12/30. Let i = -12 + m. What is the remainder when 23 is divided by i?
7
Suppose x - j - 121 = -3*j, 0 = -2*x + 4*j + 250. What is the remainder when x is divided by 42?
39
Let h be 1 - 2 - (4 + 1). What is the remainder when 33/(-22)*68/h is divided by 7?
3
Suppose 5*a - a = 212. What is the remainder when a is divided by 8?
5
Suppose -4*v + 40 = -2*v. What is the remainder when 78 is divided by v?
18
Suppose 0 = -54*m + 55*m - 28. Calculate the remainder when 107 is divided by m.
23
Let k(g) = -g + 12. What is the remainder when 2 is divided by k(11)?
0
Let n(o) = -o**2 + 11*o + 9. What is the remainder when n(9) is divided by 10?
7
Suppose 6*m = 10*m - 48. Calculate the remainder when 33 is divided by m.
9
Let d(y) = 2*y**2 + y + 1. Suppose -5*a = -4*t - 17, -3*t = 5*a - 0*t + 4. Calculate the remainder when d(-1) is divided by a.
0
Suppose 3*t - 54 = -5*k, 5*k + 5*t + 0*t = 60. Calculate the remainder when 17 is divided by k.
8
Let g(b) = b**3 + b**2 - b + 17. Calculate the remainder when 33 is divided by g(0).
16
Let f = 33 - 4. Suppose f = 4*l - 11. Calculate the remainder when ((-14)/(-4))/((-1)/(-8)) is divided by l.
8
Let z(t) = -4*t - 38. What is the remainder when z(-12) is divided by 3?
1
Let v = 4 + -1. Calculate the remainder when 3 is divided by v.
0
Suppose 0 = 4*i + 20, -2*i - 50 = -5*u - 3*i. Calculate the remainder when u is divided by 6.
5
Let n(m) be the first derivative of 17*m**2/2 - 3*m + 3. What is the remainder when n(4) is divided by 17?
14
Let s be -2*(-16 + 6/(-3)). Suppose -2*d = 2*d + s. What is the remainder when (-69)/((-2)/((-12)/d)) is divided by 16?
14
Suppose 2*k = 6*k - 20. Suppose 33 = -k*z + 8. Let n(a) = -a**2 - 6*a + 4. What is the remainder when 26 is divided by n(z)?
8
Let o = 0 + 22. Let p = -25 + 13. Let f = p + o. What is the remainder when 18 is divided by f?
8
Suppose -5*l + 3*l - 26 = 0. Let y = -8 - l. Calculate the remainder when -5 + 6 - -8*y is divided by 14.
13
Let l(b) = -b**3 - 5*b**2 + 6*b + 7. What is the remainder when l(-6) is divided by 5?
2
Suppose -4*n + 13*n - 162 = 0. Calculate the remainder when 141 is divided by n.
15
What is the remainder when 199 is divided by 12/(-8)*-2*17?
46
Let h(f) = -f**3 + 7*f**2 + f. Let m be h(7). Let l = m + -7. Suppose 2*y - 6*y + 4*w + 32 = l, -2*w = -4*y + 30. What is the remainder when y is divided by 3?
1
Let x be ((-16)/(-20))/(6/285). Let n = x - 22. What is the remainder when 31 is divided by n?
15
Let p = 51 - 39. Suppose -43 = -5*s - 8. Calculate the remainder when p is divided by s.
5
Let d = -10 - -13. Suppose -77 = -4*y + o - 0*o, -o + d = 0. What is the remainder when 39 is divided by y?
19
Calculate the remainder when 49 is divided by -5*(-4)/(-12)*-15.
24
Let o(z) = -z**3 + 6*z**2 - 4*z + 7. Suppose 0 = 5*j - x - 44, 0 = -5*j + 5*x + 66 - 6. Calculate the remainder when j/(-6) + 365/15 is divided by o(5).
11
Let c = 37 + 3. Suppose 5*n - 103 = 42. Suppose -4*u + 85 - n = 0. What is the remainder when c is divided by u?
12
Suppose 0 = -3*b + 4*p + 30, 0 = -5*b + 2*p + 15 + 35. Let f = b + 16. What is the remainder when f is divided by 9?
8
Let w(o) be the second derivative of o**3/6 + 21*o**2/2 + o. Calculate the remainder when w(-7) is divided by 4.
2
Suppose -5*a = -3*v - 39, -4*a + 39 = -3*v - 2*v. Suppose -3*p + a*p - 40 = 5*q, -52 = -5*p + q. Calculate the remainder when 27 is divided by p.
7
Let a(h) = -h**3 - 7*h**2 - 4*h - 10. Suppose k + 106 = 3*k. Calculate the remainder when k is divided by a(-7).
17
Suppose 81 = 4*w - 31. Calculate the remainder when 54 is divided by w.
26
Suppose -3*d + 1 = -2*d, -104 = -h + 2*d. Calculate the remainder when h is divided by 54.
52
Let g(s) = -s**3 - 2*s**2 - 4*s - 3. Let c be g(-2). Suppose -c*o - 1 + 11 = 0. Let b(z) = z**2 + z - 5. Calculate the remainder when b(-4) is divided by o.
1
Let v(k) = k**2 - 8*k + 12. Calculate the remainder when v(11) is divided by 8/(1 - (-1)/(-3)).
9
Let k(c) = -4*c - 3. Let p = 8 - 13. What is the remainder when (0 + -3)/(9/(-147)) is divided by k(p)?
15
Let z(j) = -14*j + 24. What is the remainder when 129 is divided by z(-3)?
63
Let h(s) be the second derivative of s**4/12 - s**2/2 - 2*s. Let r be h(-2). Suppose 0 = p + r*p - 140. Calculate the remainder when p is divided by 12.
11
Let s = -8 - -12. What is the remainder when 21 - (-1 + 0)/(-1) is divided by (s/1 + 3)/1?
6
Let a = 75 - 31. Let k(n) = -26*n - 1. Let p be k(-1). Let w = a - p. Calculate the remainder when 36 is divided by w.
17
Suppose 33 = 3*g - 2*q + 10, 4*g - 36 = 4*q. Let m be 2/(-2) - 13*-1. Suppose -2*x + m = -24. Calculate the remainder when x is divided by g.
3
Suppose p + 6*t = t - 119, 0 = -p + 3*t - 95. Let c = 164 + p. Calculate the remainder when c is divided by 21.
18
Let v = 34 - 17. Let r(q) = -q**3 + 7*q**2 - 8. Let a be r(7). Let b = v + a. What is the remainder when b is divided by 5?
4
Let p be 4 + -1 + 1*-1. Let i = p - -2. Let r(x) = -5*x - 45. What is the remainder when r(-11) is divided by i?
2
Suppose -4*r + 37 = 5*h, -3*r + 17 + 7 = 3*h. What is the remainder when 10 is divided by r?
1
Let n(j) = -14*j**3 - j. Let l be n(-1). Suppose -9 = -4*v + l. Let f = 15 - 5. Calculate the remainder when f is divided by v.
4
Suppose -101 - 31 = 4*m. Calculate the remainder when (-2745)/m - 2/11 is divided by 21.
20
Let l(x) = x - 1. Let m be l(-3). Calculate the remainder when 4/10 - (-256)/10 is divided by 13 + -1 + m/(-2).
12
Let y(k) = -3*k - 12. Let b be y(-5). Suppose q + 10 = b*q. Calculate the remainder when q is divided by 4.
1
Let p(w) = -w**2 + 12*w + 54. Calculate the remainder when p(14) is divided by 24.
2
Let f(a) = a**3 - 5*a**2 + 2. Let r be f(5). Suppose 8 = -0*g + r*g. Calculate the remainder when g is divided by 2.
0
Let j(o) = -o**3 + 12*o**2 - 4*o + 58. Let y(b) = -6*b**3 - 3*b**2 + 2. What is the remainder when y(-2) is divided by j(12)?
8
Let y(k) = -k**3 - k - 4. Let z(s) = 8 + 3*s**2 - 9*s - s**2 - 4. What is the remainder when z(6) is divided by y(-2)?
4
Let q = 46 - 30. Calculate the remainder when 74 is divided by q.
10
Suppose -y - 3*w = -70, -2*w = 2*y - 7*w - 173. What is the remainder when y is divided by 20?
19
Suppose -60 = -3*l - 3. Calculate the remainder when 376/10 - 6/10 is divided by l.
18
Let a(l) = -l + 4. Let b be a(5). What is the remainder when 63 + (b - 0 - 0) is divided by 13?
10
Let u = -50 - -65. Calculate the remainder when 73 is divided by u.
13
Let v(q) = 21*q**2 - 3*q + 2. What is the remainder when 57 is divided by v(1)?
17
Let f = -17 - -26. What is the remainder when 466/14 - (-4)/(-14) is divided by f?
6
Suppose 3*u - 6*u + 12 = 0. Let b = 16 - u. Calculate the remainder when 21 is divided by b.
9
Let b = -19 - -62. Calculate the remainder when b is divided by 15.
13
Calculate the remainder when (-12)/(-48) - 206/(-8) is divided by 7.
5
Let n be (5/10)/(2/(-4)). Let m(q) = -2*q**3 - q**2 + 3*q + 2. What is the remainder when -3 - (81/(-3) - n) is divided by m(-2)?
7
Let h = 1 + 14. Suppose -5*n + c = -214, n + 4*c - 26 = -0*n. What is the remainder when n is divided by h?
12
Suppose -2*j - 5*u = 17, u + 25 - 8 = 3*j. What is the remainder when 11 is divided by j?
3
Suppose -16*x - 264 = -27*x. Calculate the remainder when 113 is divided by x.
17
Let u = -6 - -10. Suppose 16 - u = 4*c + 2*d, -d - 18 = -4*c. Let l = 0 - -7. What is the remainder when l is divided by c?
3
Let z = -3 + 5. Suppose 3*p - q = 8, z*p + 3 + 3 = -5*q. Let a(d) = -d**3 - 5*d**2 - d - 2. Calculate the remainder when a(-5) is divided by p.
1
Let r = 9 - 15. Let b(u) = -u**2 - 15*u - 8. Calculate the remainder when b(r) is divided by 12.
10
Suppose 0 = -3*x - 3*x + 438. Calculate the remainder when x is divided by 25.
23
Let q(p) be the third derivative of p**5/20 + p**4/12 - p**3/2 - p**2. Suppose 3*l = 5 + 1. Calculate the remainder when q(l) is divided by 5.
3
Suppose -3*g = 3*h - 66, -4*g - 5*h + 44 = -2*g. What is the remainder when 86 is divided by g?
20
Suppose -114 = -3*x + 2*q, 0*x - 89 = -2*x - 3*q. Calculate the remainder when x is divided by